 5*y = 4*d - 7770. What is the thousands digit of d?
1
Let h be 19/17 - (128/(-68) + 2). What is the hundreds digit of ((-1)/3)/(13308/13320 - h)?
3
Let h = 684 - 682. Suppose h*j + 16*j - 18882 = 0. What is the hundreds digit of j?
0
Let c = 80 + 1315. What is the hundreds digit of c?
3
Suppose 0 = -5*n - 187 + 617. Let u = n + -14. What is the tens digit of (-1601)/(-9) + 8/u?
7
Let v be (2/(-4)*-18)/((-21)/(-21)). Suppose -v*c + 11923 + 1793 = 0. What is the hundreds digit of c?
5
Let l = -42 - -44. Suppose 3*d + 2*u + 25 = l*d, 5*d + 105 = -5*u. Let g(k) = k**2 + 3*k - 29. What is the units digit of g(d)?
9
Suppose 36*z + 109*z = 40*z + 1347570. What is the units digit of z?
4
Let o(r) = -r**2 + 16*r - 21. Let n be o(10). Suppose -n*z = -37*z - 664. What is the tens digit of z?
3
Let x(d) = 2*d - 6. Let r be x(11). Suppose -r*h + 1844 = -2620. What is the units digit of h?
9
Suppose 2*f - 1232 = b, -3*b - 610 = -f - b. Let d = f + -426. What is the hundreds digit of d?
1
Suppose -12 = -7*d - 110. Let i = d + 282. What is the tens digit of i?
6
Let u(j) = -j**3 - 14*j**2 + 8 + 2*j**2 - 8*j - 11*j. Let a be u(-10). What is the tens digit of -3 - (a - 3) - (2 - 203)?
0
Let x = 13852 - 11064. What is the hundreds digit of x?
7
What is the hundreds digit of ((-13556)/11)/(2/(-9)) + (-360)/(-990)?
5
Suppose -4*l = 4*z - 24, -5*l = 3*z - 0*z - 30. Suppose -10*s = -l*s. Suppose 3*v + 5*p - 225 = 0, s*p + 75 = v + p. What is the units digit of v?
5
Suppose -5*n - 6*b + 9*b = -89714, 17944 = n - b. What is the hundreds digit of n?
9
Let o = -20 - -20. Suppose o = 3*k - 7 + 13. What is the units digit of 220/(-11)*3/k?
0
Let r be 8*(1 - (-15)/(-24)). Suppose 2*o - 90 = r*j - 5*j, 4*j - 2*o = 198. What is the units digit of j/(-64) - 743/(-4)?
5
Suppose 12 = -3*j + 54. Suppose 2*p - j = 3*x, 0*p - 2*x = 5*p - 16. Suppose -12 = p*w, 2*w - 88 = -5*m + 241. What is the tens digit of m?
6
Let z(t) = 3*t**2. Let r = -39 - -38. Let k be z(r). What is the tens digit of 2/k + 2385/27?
8
What is the units digit of (-201)/2144*4/(-9)*8*182766?
2
What is the units digit of (-5296839)/(-589) - (-16)/248?
3
Suppose 12*u = 66*u - 243016 - 114194. What is the units digit of u?
5
Suppose 10*j = 4067 + 2653. Suppose 0 = -u - 5*r + 686, -u + r + j = -r. What is the units digit of u?
6
Let j = 17311 - 10849. What is the hundreds digit of j?
4
What is the hundreds digit of (-88)/(-8) + 10 + 46718?
7
What is the tens digit of ((-3)/(-18))/((-84)/3793272)*-3*1?
7
Let d be 2*(-3 + (-9)/(-2)). Let l be (-6 - (-1536)/56)/((-2)/(-14)). Suppose 4*n + 0*m = -d*m + 601, -n - m = -l. What is the units digit of n?
1
Suppose 4*a + 3*w = 8*w + 10, 2*a - 5*w = 0. Suppose k - 430 = -2*k - 4*g, -k = -a*g - 175. Let n = k - 70. What is the tens digit of n?
8
Let w(s) = -2*s**3 + 6*s**2 - 6*s. Let f be w(4). Let g = f - -58. Let a(x) = 20*x**3 + x**2 + x + 2. What is the units digit of a(g)?
8
Suppose 2*l = 5*f - 19, 9 = 5*l - 6. Suppose 1006 = 2*i + s, f*s = -4*i + 264 + 1754. What is the tens digit of i?
0
Let s = -294 + 296. Suppose 3*n - 1848 = -5*k, s*k + 2*n - 194 = 542. What is the hundreds digit of k?
3
Let h = -20047 - -42591. What is the tens digit of h?
4
Let b = 221 + -226. What is the units digit of ((-327)/7 + b)*-7?
2
Let a(s) = 73*s**2 - 206*s + 4593. What is the thousands digit of a(35)?
6
Suppose -9*d - 10 + 37 = 0. Suppose -2*l - 3 - d = 0. What is the hundreds digit of (-18)/12 + l/2 + 130?
1
Suppose 9*j = 13*j - l - 124959, 0 = -2*j - 3*l + 62497. What is the thousands digit of j?
1
Let j(s) = 9650*s**3 + 2*s**2 + s - 1. What is the units digit of j(1)?
2
Let v be (330/8 + -6)/(6/176). Let b = 1471 - v. What is the tens digit of b?
3
Suppose 4*q + 2*x - 5766 = 5558, -4*q + 11318 = 5*x. What is the thousands digit of q?
2
Let p(d) = -d**3 + 28*d**2 - 2*d - 12. Let k be p(24). Suppose 4*w = 8*w - k. Suppose w = -6*x + 1461. What is the units digit of x?
0
Suppose 2*h + 4*s - 2*s + 2 = 0, 0 = -2*s - 2. Suppose h*m + 348 = -4*f + 2*m, -m = 3*f + 266. What is the tens digit of 3 + (0 + -1 + 3 - f)?
9
Let r(t) = 4655*t + 144. What is the units digit of r(3)?
9
Suppose 11*i - 4250 = 3637. Let v = -455 + i. What is the units digit of v?
2
Suppose 3*c = -3*k - 3495, -4 = -3*k + 5. Let u = 1847 + c. What is the units digit of u?
9
Let h(j) = j**2 - 11*j + 14. Let n be h(11). Suppose 2*u + n = 4*t, -3*t + 2*u - 3*u + 13 = 0. What is the tens digit of 44 - t/(16/(-12))?
4
Suppose 13789 = 2*a + s, -3*s - 6898 = 1123*a - 1124*a. What is the thousands digit of a?
6
Let t = -10069 + 17397. What is the thousands digit of t?
7
Let b(n) = -322*n - 18. Let d be b(-2). Suppose -3*r + d = f, -5*f + 16*r - 11*r = -3150. What is the units digit of f?
9
Let w = 15 + -12. Suppose z - 3 = -w*u + 5, 3*z - 10 = -2*u. Suppose 5*t + 0*c - 303 = c, z*t = c + 123. What is the tens digit of t?
6
Let v(n) = -17*n - 40 - 41 - n + 2*n. What is the tens digit of v(-17)?
9
Let j(h) = -23*h - 41. Let i be j(25). Let l = 1202 + i. What is the units digit of l?
6
Let q = 368 - 368. Suppose q = -97*v + 106*v - 6363. What is the units digit of v?
7
Let t(j) be the second derivative of 16*j**4/3 + j**3/2 + 9*j**2/2 - 4*j. Let z be t(3). What is the hundreds digit of z/2*9/9?
2
Let l be (28 - (-4)/2) + (-55)/11. What is the tens digit of 324989/175 - 2/l?
5
Let g = -9 + 12. Suppose -a - 332 = -4*r, g*r - 6*r = -a - 250. Suppose p = r - 9. What is the tens digit of p?
7
Let n(i) = -3775*i - 1792. What is the ten thousands digit of n(-4)?
1
What is the hundreds digit of 2403 - (3 - 10/5)?
4
Let s = 19559 + -12482. What is the hundreds digit of s?
0
Suppose -r - 5 = -0*r. Suppose 3*t = -p - 19, -12 = -2*p - 629*t + 633*t. What is the tens digit of p/1*(-52 - r)?
8
Let m(j) = 28*j**2 - j + 1. Let f be m(-1). Suppose -2*i = -2*a - 0*a - 10, 2*i + 3*a = f. Suppose 10*u - i*u - 59 = 0. What is the tens digit of u?
5
Suppose 32*f + 111*f = 4152577. What is the units digit of f?
9
Let q = -20645 + 29325. What is the units digit of q?
0
Suppose 2*r + 15 = 23. Suppose -16 = -4*k + r*q, -2*q = -5*k - q + 12. What is the units digit of k?
2
Suppose 0*o - 47 = -o. Suppose y = 15 + o. Suppose v - 194 = -y. What is the units digit of v?
2
Let g(q) = 2*q - 7. Let n be g(4). Let s = -238 + 236. What is the units digit of n - (0 - (83 + s))?
2
What is the tens digit of (-18)/4 + 706125/210?
5
Suppose -83*w = -160*w + 6881721. What is the units digit of w?
3
Let t(n) = -2*n. Let l(j) = -13*j**2 + 19*j - 2. Let w(s) = -3*l(s) - 24*t(s). What is the tens digit of w(4)?
9
Let t(u) = 20*u + 3205. What is the thousands digit of t(-7)?
3
What is the thousands digit of (-8)/104*(-3 + -711916)?
4
Let u be (5 - (-2 - -1) - 17) + 1. What is the units digit of 273 - (2 - 11) - u/(-2)?
7
Suppose 20*q = -4*a + 140176, 3*q = -2*a + 2*a. What is the hundreds digit of a?
0
Suppose 11*c = 1022 - 1000. Let l be 2 + 0*1/(-2). Suppose -l*r + 8 = -c*f - 14, 5*r = f + 63. What is the units digit of r?
3
Let i be (252/(-1))/(152/16 - 10). Suppose 2*k = 2*u + i, -255 = -5*k - u + 1011. What is the hundreds digit of k?
2
Let z(o) be the second derivative of 25*o**4/12 + o**3/6 + 25*o**2/2 - 69*o. What is the hundreds digit of z(-4)?
4
What is the hundreds digit of 3 - (1 - 2) - (-5477 - 19)?
5
Suppose -32*u - 231926 = 14*u - 1247882. What is the hundreds digit of u?
0
Let g be (1632/(-18))/(-8) - 1/3. Suppose -15*p = -g*p + 1020. What is the units digit of 9/(-3)*(p/9 + 5)?
0
Suppose -3*h - 59 + 14 = 0. Let m(b) = b**3 + 14*b**2 - 14*b + 19. Let y be m(h). Suppose 0 = -y*u + 257 + 627. What is the tens digit of u?
2
Let h(r) = -r**3 + 4*r**2 - r - 4. Let q be h(2). Suppose -j = 2*l - q*j - 215, -25 = -5*j. What is the tens digit of l?
1
Suppose -y - 3*d = 3, -5*d + d = 20. Let t(g) = -3*g + 69. Let z be t(23). What is the units digit of (z - y/10)*170/(-4)?
1
Suppose 9*z - 128 = 5*z. Suppose 30*s - z*s = -6. Suppose -3*h - 84 = -t, -268 + 688 = 5*t - s*h. What is the tens digit of t?
8
Suppose -3*r - 3*k = -36, -11 = -2*r + 4*k + 31. Let c be r/(2 - (-2 - -1)). What is the tens digit of 176*(c/4 + (-2)/4)?
3
Suppose 0*b = -2*b - 238. Suppose 0 = -43*w + 11*w + 6816. Let s = w + b. What is the tens digit of s?
9
What is the units digit of (241/(-2))/(4 